10/25 + (-553)/(-5). Suppose 5*w - 2*u = 142, -4*w - u = -0*u - n. What are the prime factors of w?
2, 7
Let v(y) = 5*y - 1. Let x be v(9). What are the prime factors of (2 + -3)/((-4)/x)?
11
Suppose 3*l = 2*l. Suppose l = -2*r + 1 + 5. Suppose i - r = 7. What are the prime factors of i?
2, 5
Let a(w) be the first derivative of w**2/2 - w - 1. Let j be -5 - -1 - 9/(-1). What are the prime factors of a(j)?
2
Let s(o) = -3*o + 8*o - 3*o. Let q be (-4)/(-2) + (-6)/(-2). List the prime factors of s(q).
2, 5
Let v = -4 - -9. Suppose -v*x + 48 = 3. What are the prime factors of x?
3
Let w = 1 + 27. Suppose 0 = 2*d - 4*u - w, -u + 2*u = -5*d + 114. What are the prime factors of d?
2, 11
Let q = 1 - 1. Suppose -27 = -3*j + k - q*k, -27 = -3*j + 4*k. Suppose j = 4*y - 3. What are the prime factors of y?
3
Let s be ((-8)/(-3))/((-8)/(-24)). List the prime factors of s/2*(-17)/(-4).
17
Suppose t + 4*l - 72 = 0, 4*t - 5*t = -l - 77. Suppose 3*w + t = -0*m + m, 0 = -2*m - 10. Let c = w + 38. What are the prime factors of c?
11
Suppose -4 = 4*n + 4. What are the prime factors of 2 + (8 - n - -1)?
13
Let r = -157 - -269. What are the prime factors of r?
2, 7
Let b be (-16 - -1)/(2/(-2)). Let o = b + -3. Suppose -3*f = -o - 3. What are the prime factors of f?
5
Suppose -2*z - 99 = -5*z. Let q = z - 9. Suppose 0 = -3*b - b + q. List the prime factors of b.
2, 3
Let w be (-925)/4 - (-7)/28. What are the prime factors of w/(-14)*4/3?
2, 11
Let v(p) = -p**2 + 7 + 0*p**2 - p + 2*p**2 - 2*p**2. What are the prime factors of v(0)?
7
Let a(f) = -f + 4. Let i(l) = l**2 + 8*l. Let n be i(-8). Let o be a(n). Suppose 5*h = 5*m - 70, o*m - 2*h = 57 + 1. List the prime factors of m.
3, 5
Let d(n) = -n**3 - 3*n**2 - 2*n + 2. Suppose -1 = c + 1. Let t be d(c). Suppose t*k - 6*k + 44 = 4*x, -2*k + 26 = 3*x. List the prime factors of k.
7
Suppose 4*d = 6*d - 284. What are the prime factors of d?
2, 71
Suppose 0 = 3*a - a - 64. List the prime factors of a.
2
Let u be (1/3)/(1/12). Let g(z) = z + z**2 + u + z - 5*z. What are the prime factors of g(4)?
2
Suppose -12 = -2*k - k. Suppose v - k = 0, 0 = -2*z - v + 8. Suppose -63 = -2*r - 5*t, 4*t - 3 = -z*r + 55. What are the prime factors of r?
19
Let j be (6/(-5))/((-6)/(-20)). List the prime factors of 2/j*(-52)/2.
13
Let y be ((-1)/2)/(2/(-16)). Let b be 37/(-7) + y/14. Let h = 21 + b. What are the prime factors of h?
2
Let o = 21 - 10. Suppose 2*c - o = c. What are the prime factors of c?
11
Suppose 5*b - 2*k - 3 = 157, 0 = 2*b - 3*k - 75. Suppose -i + x = -8, b = 4*i - x - x. What are the prime factors of i?
7
Suppose -y + 2*y + 4 = 0. What are the prime factors of 102/(-1 - y) + 3?
37
What are the prime factors of (-5437)/(-21) + (-16)/(-168)?
7, 37
Let p = -225 - -384. List the prime factors of p.
3, 53
Let c = 30 + -16. List the prime factors of c.
2, 7
Suppose -63 = -s - 2*t + t, -5*t - 20 = 0. List the prime factors of s.
67
Suppose 0 = -4*v + 3*q - 10, -4*q = -5*v - 5*q - 3. Let o be -1 + 0/3 + v. What are the prime factors of -3 + 5 - (o + -3)?
7
Let m(d) = d**3 + 6*d**2 - d + 3. Let u be m(-6). List the prime factors of (-160)/(-56)*(-2 + u).
2, 5
Let l(x) = 10*x**2 - 3*x. Let u be l(2). Suppose -5*d + 13 = 4*s - 55, 2*s - 2*d = u. List the prime factors of s.
17
Let p(z) = 8*z**2 - 2*z - 3. What are the prime factors of p(-4)?
7, 19
Let g = 2 + -1. Let h(s) = 13*s**2 + 39 - s - 38 - s. What are the prime factors of h(g)?
2, 3
Let h(m) = -m**3 - 3*m**2 - 3*m - 2. Let f be h(-3). Suppose 0 = 4*v - f*v - 240. List the prime factors of (-2)/(-7) - v/14.
2, 3
Suppose 0 = 3*y - 4*u - 5 - 6, 5*u + 22 = y. What are the prime factors of 1/(-3) - 97/y?
2
Let p = -2 + 1. Let w be ((-2)/(-4))/(p/(-44)). What are the prime factors of -3 - (-2 + w/(-2))?
2, 5
Let h be 1/((-4)/(-24)*3). Suppose 22 = o + h. What are the prime factors of o?
2, 5
Suppose -19*w + 106 = -17*w. List the prime factors of w.
53
Suppose 2*l = 3*x - 96, -l + 40 = x + l. What are the prime factors of x?
2, 17
Let n = 1 + -2. List the prime factors of 54/6 + n*1.
2
Suppose -4*y + 35 = -h, 4*h - 13 = -y + 17. What are the prime factors of y?
2, 5
Let f = -3 - -4. Let x(w) = -7*w + 1. Let a(q) = -q**2 - 15*q + 2. Let v(o) = -6*a(o) + 13*x(o). List the prime factors of v(f).
2, 3
Suppose 331 = 2*a + o, 0 = 5*a - o - 852 + 42. What are the prime factors of a?
163
Let h = -7 + 7. What are the prime factors of 13*(h - (2 + -3))?
13
Let o be 42/(-2*3/(-6)). Let r be ((-4)/12)/((-1)/(-6)). List the prime factors of (o/(-12))/(1/r).
7
Let p(q) = -2*q**2 - 6*q + 2*q + q**2 + 11 + 2*q**2. What are the prime factors of p(8)?
43
Suppose -7 + 23 = a. List the prime factors of a/(-6 - -2)*-6.
2, 3
Let c(x) = x + 13. Let f be c(7). Suppose 55 + f = 5*y. List the prime factors of y.
3, 5
Suppose 12 + 3 = -5*b. Let z(m) = -2*m + m + 1 + 3. What are the prime factors of z(b)?
7
Let q = 7 - -1. Let v = q + -1. List the prime factors of v.
7
Let j be 10/(-4)*96/(-3). List the prime factors of ((-1)/(-2))/(8/j).
5
Suppose 4*d - 34 = -y, -2*d = 4*y - 13 - 179. What are the prime factors of y?
2, 5
Let d(f) = -7*f. Let r(x) = -x - 1. Let t(q) = d(q) - 6*r(q). Let s be (-5 - (0 - -1)) + 1. What are the prime factors of t(s)?
11
Let t be (-1)/(-1*(-3)/6). Let q(o) = -16*o + 4. List the prime factors of q(t).
2, 3
What are the prime factors of ((-164)/(-3))/(12/18)?
2, 41
Suppose -690 = 30*s - 35*s. What are the prime factors of s?
2, 3, 23
Suppose -5*o = -4*s + 243, -o + 261 = 4*s - 12. List the prime factors of s.
67
Let k = 5 - 7. What are the prime factors of k/(-4)*-6 + 20?
17
What are the prime factors of (20/15)/(1/36)?
2, 3
Let b be ((-162)/12)/((-6)/32). Suppose -4*t - b = -2*l - 0*l, -t - 144 = -5*l. What are the prime factors of l?
2, 7
List the prime factors of 23/(-92) + (-809)/(-4).
2, 101
Suppose -5*m = -4*c - 50, -3*c = -0*c. Let q = m - 4. List the prime factors of q.
2, 3
List the prime factors of (-240)/10*(3/(-2) + 1).
2, 3
Suppose 0 = -24*t + 26*t - 186. What are the prime factors of t?
3, 31
Let p(o) = o**3 - 19*o**2 + 4*o + 13. List the prime factors of p(19).
89
Let m(j) = j**2 - j - 2. Suppose 2*u - 8*b + 4*b = 16, b = -u - 1. Let x be m(u). Suppose x*k = -4*k + 52. What are the prime factors of k?
13
Let n = -833 + 1273. List the prime factors of (-18)/(-8)*n/33.
2, 3, 5
Let c(y) = 76*y + 4. List the prime factors of c(1).
2, 5
Let q(t) = -t**3 + 11*t**2 + 13*t - 6. Let h be q(12). Suppose h*g - 52 = 5*g. What are the prime factors of g?
2, 13
Let v(t) = -t**2 - 4. Let r(b) = -2*b**2 - b - 9. Let l(a) = 2*r(a) - 5*v(a). What are the prime factors of l(4)?
2, 5
Let y = -46 - -92. List the prime factors of y.
2, 23
Let u(o) = -o**2 - 20*o - 9. What are the prime factors of u(-14)?
3, 5
Suppose 0 = 3*x + 4*b - 121, 5*b + 0*b = -5*x + 200. List the prime factors of x.
3, 13
Let w = -65 + 149. What are the prime factors of w?
2, 3, 7
Let s = -6 + 15. List the prime factors of s.
3
Let i(m) = 5*m**2 - 6*m + 5. Let t be i(5). What are the prime factors of 4/6 + t/12?
3
Let h = 8 + -13. Let c = 9 - h. What are the prime factors of c?
2, 7
Suppose 4*g + 8 = -t - 0*g, -3*g = t + 6. Suppose t*a + 3*a = 159. Suppose -18 = -2*h + 2*q - 0*q, -3*q = -5*h + a. List the prime factors of h.
13
Let w(z) = -23*z - 8. Let f be w(-4). Let k = -43 + f. List the prime factors of k.
41
Let u = -53 + 88. What are the prime factors of u?
5, 7
Let k = -6 + 11. Suppose 4*b + 2*d = 22, -3*b + k*d - 7 - 9 = 0. List the prime factors of (3/(-2))/(b/(-16)).
2
Suppose 3*h - f = -8, f = -5*h - f - 17. Let y(m) = -m**3 + 6*m**2 + m - 6. Let i be y(6). What are the prime factors of 6 - (1 + i + h)?
2
Let w be 4/26 - 2268/39. List the prime factors of 3/((-6)/w) - -2.
31
Suppose -4*b = 5*v - 5, -3*v - b + 2*b = -3. What are the prime factors of (v - -1)*(-45)/(-6)?
3, 5
What are the prime factors of (3 - 3) + 51 - -4?
5, 11
Suppose -5*u + 10 = -4*z - 9, 2*u - 5*z = -6. Let c be 2*(5/(-2) + 2). List the prime factors of c + 2 + -1 + u.
7
Suppose 0*i = -i. Let b(u) = -u**3 - u + 3. What are the prime factors of b(i)?
3
Suppose -9 = -2*v + 15. Suppose 3*w = v, 4*a + 2*w + 0*w = 56. What are the prime factors of a?
2, 3
Let s(l) be the third derivative of 0*l + 0 - 1/24*l**4 + 4*l**2 + 13/6*l**3. W